ons digit of 905809517?
9
What is the thousands digit of 677931449?
1
What is the units digit of 125741864?
4
What is the units digit of 34870402?
2
What is the thousands digit of 211542704?
2
What is the hundreds digit of 134260368?
3
What is the thousands digit of 26535472?
5
What is the hundreds digit of 27008007?
0
What is the ten thousands digit of 3102298418?
9
What is the thousands digit of 5024647718?
7
What is the hundred millions digit of 193812232?
1
What is the ten millions digit of 441158240?
4
What is the ten thousands digit of 60943325?
4
What is the ten thousands digit of 660068250?
6
What is the millions digit of 19072455?
9
What is the tens digit of 1697066473?
7
What is the tens digit of 51372206?
0
What is the hundreds digit of 3493526?
5
What is the tens digit of 59143257?
5
What is the tens digit of 116312766?
6
What is the units digit of 270971674?
4
What is the hundreds digit of 11751575?
5
What is the hundreds digit of 1436097539?
5
What is the units digit of 195522244?
4
What is the ten thousands digit of 6804363643?
6
What is the hundred thousands digit of 290811295?
8
What is the hundreds digit of 173790621?
6
What is the hundreds digit of 92411739?
7
What is the hundreds digit of 76911696?
6
What is the ten thousands digit of 70201119?
0
What is the hundred thousands digit of 6577604?
5
What is the millions digit of 1894709686?
4
What is the ten thousands digit of 190447972?
4
What is the millions digit of 591444879?
1
What is the ten millions digit of 149271216?
4
What is the millions digit of 92814854?
2
What is the ten millions digit of 5894495694?
9
What is the thousands digit of 396361372?
1
What is the billions digit of 1360766431?
1
What is the tens digit of 397789275?
7
What is the hundred millions digit of 255752160?
2
What is the ten millions digit of 5910598525?
1
What is the hundred millions digit of 5000663293?
0
What is the tens digit of 774719566?
6
What is the hundreds digit of 64870394?
3
What is the thousands digit of 310483835?
3
What is the hundred thousands digit of 105417737?
4
What is the millions digit of 3129312278?
9
What is the ten thousands digit of 15184928?
8
What is the hundreds digit of 2143600471?
4
What is the ten millions digit of 850668407?
5
What is the hundreds digit of 6566063?
0
What is the ten thousands digit of 1289297809?
9
What is the thousands digit of 322657263?
7
What is the units digit of 11726002?
2
What is the millions digit of 14756575?
4
What is the ten thousands digit of 39704519?
0
What is the millions digit of 21621613?
1
What is the hundreds digit of 91815388?
3
What is the tens digit of 3898750320?
2
What is the hundred thousands digit of 667005203?
0
What is the hundreds digit of 395099571?
5
What is the units digit of 133441479?
9
What is the tens digit of 2318712638?
3
What is the ten millions digit of 977280287?
7
What is the tens digit of 110957067?
6
What is the hundred thousands digit of 1037011018?
0
What is the hundred millions digit of 434713565?
4
What is the hundred millions digit of 5299935002?
2
What is the hundred millions digit of 2678528904?
6
What is the ten thousands digit of 32814145?
1
What is the hundreds digit of 742575326?
3
What is the millions digit of 1067291698?
7
What is the units digit of 75519790?
0
What is the thousands digit of 2730751209?
1
What is the ten thousands digit of 7089405895?
0
What is the ten millions digit of 1464674534?
6
What is the thousands digit of 512498105?
8
What is the hundreds digit of 309027180?
1
What is the tens digit of 619609040?
4
What is the units digit of 1994372237?
7
What is the ten millions digit of 532862916?
3
What is the hundred thousands digit of 606979125?
9
What is the hundred thousands digit of 34720241?
7
What is the millions digit of 55860036?
5
What is the ten millions digit of 66456888?
6
What is the ten thousands digit of 300990309?
9
What is the millions digit of 239500939?
9
What is the hundred thousands digit of 206314076?
3
What is the tens digit of 116946353?
5
What is the hundred millions digit of 434811052?
4
What is the hundreds digit of 1805364146?
1
What is the hundreds digit of 395692514?
5
What is the tens digit of 27045868?
6
What is the hundred millions digit of 5419244372?
4
What is the thousands digit of 731897109?
7
What is the ten millions digit of 3200641568?
0
What is the billions digit of 1751573884?
1
What is the hundred millions digit of 432039845?
4
What is the hundred thousands digit of 168540634?
5
What is the hundreds digit of 61217117?
1
What is the tens digit of 57011876?
7
What is the millions digit of 1344878475?
4
What is the tens digit of 461340245?
4
What is the tens digit of 3881267387?
8
What is the millions digit of 23896553?
3
What is the hundred thousands digit of 445120300?
1
What is the hundreds digit of 8245587?
5
What is the units digit of 5173143481?
1
What is the ten thousands digit of 403759282?
5
What is the units digit of 547605264?
4
What is the hundreds digit of 2324748467?
4
What is the hundreds digit of 7369975?
9
What is the units digit of 1160138552?
2
What is the hundreds digit of 32125649?
6
What is the thousands digit of 4276486741?
6
What is the ten millions digit of 63469137?
6
What is the hundred millions digit of 122277872?
1
What is the units digit of 50370954?
4
What is the tens digit of 1389994391?
9
What is the ten thousands digit of 27113871?
1
What is the hundred millions digit of 382813473?
3
What is the ten millions digit of 262153680?
6
What is the hundred millions digit of 3719259552?
7
What is the millions digit of 67587077?
7
What is the thousands digit of 200141174?
1
What is the billions digit of 7666042611?
7
What is the hundreds digit of 505888601?
6
What is the billions digit of 2049992592?
2
What is the hundred millions digit of 3172528152?
1
What is the ten millions digit of 140650258?
4
What is the millions digit of 38078564?
8
What is the ten thousands digit of 368068040?
6
What is the ten thousands digit of 548311202?
1
What is the ten thousands digit of 976278608?
7
What is the hundred thousands digit of 1817667809?
6
What is the millions digit of 473531161?
3
What is the ten thousands digit of 107424412?
2
What is the units digit of 1078994512?
2
What is the millions digit of 146746943?
6
What is the units digit of 2056004059?
9
What is the ten millions digit of 342155147?
4
What is the tens digit of 265320611?
1
What is the ten millions digit of 1510345142?
1
What is the tens digit of 27213737?
3
What is the hundred millions digit of 672808329?
6
What is the billions digit of 2009476164?
2
What is the ten thousands digit of 382532181?
3
What is the ten thousands digit of 765555462?
5
What is the ten thousands digit of 2979300411?
0
What is the thousands digit of 38201097?
1
What is the tens digit of 378604687?
8
What is the hundred thousands digit of 138224254?
2
What is the ten millions digit of 617527585?
1
What is the hundred millions digit of 211215527?
2
What is the units digit of 1734760?
0
What is the tens digit of 4221850?
5
What is the millions digit of 56814189?
6
What is the hundreds digit of 17194248?
2
What is the ten thousands digit of 287655988?
5
What is the thousands digit of 9758710?
8
What is the thousands digit of 82549409?
9
What is the ten thousands digit of 194810954?
1
What is the hundred thousands digit of 5223432215?
4
What is the millions digit of 77091624?
7
What is the millions digit of 183555198?
3
What is the ten millions digit of 2012845156?
1
What is the units digit of 667547057?
7
What is the hundreds digit of 237074796?
7
What is the tens digit of 2844879?
7
What is the thousands digit of 9755984?
5
What is the ten thousands digit of 914421945?
2
What is the ten millions digit of 1827033405?
2
What is the tens digit of 37651756?
5
What is the units digit of 1520767035?
5
What is the tens digit of 2697363393?
9
What is the thousands digit of 5707437799?
7
What is the ten thousands digit of 40173719?
7
What is the hundred thousands digit of 82351881?
3
What is the tens digit of 125079202?
0
What is the hundred thousands digit of 953645168?
6
What is the units digit of 379038015?
5
What is the hundreds digit of 92109755?
7
What is the millions digit of 6167584